{"id":37,"date":"2024-03-07T15:51:41","date_gmt":"2024-03-07T15:51:41","guid":{"rendered":"https:\/\/menurestaurante.infinitodigitalstudio.com\/index.php\/pagina-inicial-menu-do-restaurante\/"},"modified":"2024-03-07T16:58:27","modified_gmt":"2024-03-07T16:58:27","slug":"pagina-inicial-menu-do-restaurante","status":"publish","type":"page","link":"https:\/\/menurestaurante.infinitodigitalstudio.com\/","title":{"rendered":"P\u00e1gina Inicial &#8211; Menu do Restaurante"},"content":{"rendered":"\n<div class=\"wp-block-cover alignfull\" style=\"margin-top:0;margin-bottom:0;padding-top:110px;min-height:88vh\"><span aria-hidden=\"true\" class=\"wp-block-cover__background has-black-background-color has-background-dim-20 has-background-dim\"><\/span><img loading=\"lazy\" decoding=\"async\" width=\"1920\" height=\"1280\" class=\"wp-block-cover__image-background wp-image-14\" alt=\"\" src=\"https:\/\/menurestaurante.infinitodigitalstudio.com\/wp-content\/uploads\/2024\/03\/jason-leung-poI7DelFiVA-unsplash.jpg\" data-object-fit=\"cover\" srcset=\"https:\/\/menurestaurante.infinitodigitalstudio.com\/wp-content\/uploads\/2024\/03\/jason-leung-poI7DelFiVA-unsplash.jpg 1920w, https:\/\/menurestaurante.infinitodigitalstudio.com\/wp-content\/uploads\/2024\/03\/jason-leung-poI7DelFiVA-unsplash-300x200.jpg 300w, https:\/\/menurestaurante.infinitodigitalstudio.com\/wp-content\/uploads\/2024\/03\/jason-leung-poI7DelFiVA-unsplash-1024x683.jpg 1024w, https:\/\/menurestaurante.infinitodigitalstudio.com\/wp-content\/uploads\/2024\/03\/jason-leung-poI7DelFiVA-unsplash-768x512.jpg 768w, https:\/\/menurestaurante.infinitodigitalstudio.com\/wp-content\/uploads\/2024\/03\/jason-leung-poI7DelFiVA-unsplash-1536x1024.jpg 1536w\" sizes=\"(max-width: 1920px) 100vw, 1920px\" \/><div class=\"wp-block-cover__inner-container has-global-padding is-layout-constrained wp-container-core-cover-layout-1 wp-block-cover-is-layout-constrained\">\n<div class=\"wp-block-group has-background has-global-padding is-layout-constrained wp-block-group-is-layout-constrained\" style=\"background-color:#262525d1\">\n<h1 class=\"wp-block-heading has-text-align-center has-text-color\" style=\"color:#ffffff;font-size:clamp(38.253px, 2.391rem + ((1vw - 3.2px) * 3.721), 71px);font-style:normal;font-weight:700;line-height:1.1\">O Seu Restaurante<\/h1>\n\n\n\n<p class=\"has-text-align-center has-text-color\" style=\"color:#ffffff;margin-top:32px;font-size:clamp(16.293px, 1.018rem + ((1vw - 3.2px) * 0.989), 25px);line-height:1.8\">De comer e chorar por mais<\/p>\n<\/div>\n<\/div><\/div>\n\n\n\n<div class=\"wp-block-cover alignfull has-parallax\"><span aria-hidden=\"true\" class=\"wp-block-cover__background has-background-dim-30 has-background-dim\"><\/span><div role=\"img\" class=\"wp-block-cover__image-background wp-image-1502 has-parallax\" style=\"background-position:50% 50%;background-image:url(https:\/\/tyler.com\/wp-content\/uploads\/2023\/10\/Harvest-Home-2nd-Sec-image-1024x878.jpeg)\"><\/div><div class=\"wp-block-cover__inner-container has-global-padding is-layout-constrained wp-block-cover-is-layout-constrained\">\n<div class=\"wp-block-group has-text-color has-link-color wp-elements-541ed4afdb9bf87c10368c4b619ba152 has-global-padding is-layout-constrained wp-block-group-is-layout-constrained\" style=\"color:#fefefe\"><style>.fdm-section-header p { display: none; }<\/style><ul  class=\"fdm-section fdm-sectionid-8 fdm-section-entradas fdm-section-one\">\n\t<li class=\"fdm-section-header\" id=\"fdm-section-header-entradas\">\n\n\t\t\t\t\n\t\t\n\t\t\t\t\t<h3 class=''>Entradas<\/h3>\n\t\t\n\t\t\n\t\t\n\t<\/li>\n\t\n\t\t<li class=\"fdm-item fdm-item-has-price\" data-postid=\"23\" data-section=\"8\" data-timeadded=\"1709826551\">\n\t\n\t\t\n\t\t<div class=\"fdm-item-panel\" data-price=\"2\">\n\n\t\t\t<p class=\"fdm-item-title\">Azeitonas<\/p><div class=\"fdm-item-price-wrapper\" data-min_price='1000000' data-max_price='0'>\n\t\t\t<div class=\"fdm-item-price\">2.00\u20ac<\/div>\n\t<\/div>\n\n\t\t\t<div class=\"clearfix\"><\/div>\n\t\t<\/div>\n\n\t\t\n\t\t<\/li>\n\t\n\n\n\t\t<li class=\"fdm-item fdm-item-has-price\" data-postid=\"22\" data-section=\"8\" data-timeadded=\"1709826541\">\n\t\n\t\t\n\t\t<div class=\"fdm-item-panel\" data-price=\"1,5\">\n\n\t\t\t<p class=\"fdm-item-title\">Cesto De P\u00e3o<\/p><div class=\"fdm-item-price-wrapper\" data-min_price='1000000' data-max_price='0'>\n\t\t\t<div class=\"fdm-item-price\">1,5\u20ac<\/div>\n\t<\/div>\n\n\t\t\t<div class=\"clearfix\"><\/div>\n\t\t<\/div>\n\n\t\t\n\t\t<\/li>\n\t\n\n\n\t\t<li class=\"fdm-item fdm-item-has-price\" data-postid=\"24\" data-section=\"8\" data-timeadded=\"1709826558\">\n\t\n\t\t\n\t\t<div class=\"fdm-item-panel\" data-price=\"3,5\">\n\n\t\t\t<p class=\"fdm-item-title\">Queijo<\/p><div class=\"fdm-item-price-wrapper\" data-min_price='1000000' data-max_price='0'>\n\t\t\t<div class=\"fdm-item-price\">3,5\u20ac<\/div>\n\t<\/div>\n\n\t\t\t<div class=\"clearfix\"><\/div>\n\t\t<\/div>\n\n\t\t\n\t\t<\/li>\n\t\n\n\n\t\t<li class=\"fdm-item fdm-item-has-price\" data-postid=\"21\" data-section=\"8\" data-timeadded=\"1709826532\">\n\t\n\t\t\n\t\t<div class=\"fdm-item-panel\" data-price=\"3\">\n\n\t\t\t<p class=\"fdm-item-title\">Sopa Do Dia<\/p><div class=\"fdm-item-price-wrapper\" data-min_price='1000000' data-max_price='0'>\n\t\t\t<div class=\"fdm-item-price\">3.00\u20ac<\/div>\n\t<\/div>\n\n\t\t\t<div class=\"clearfix\"><\/div>\n\t\t<\/div>\n\n\t\t\n\t\t<\/li>\n\t\n\n<\/ul><\/div>\n<\/div><\/div>\n\n\n\n<div class=\"wp-block-cover alignfull has-parallax\"><span aria-hidden=\"true\" class=\"wp-block-cover__background has-background-dim\"><\/span><div role=\"img\" class=\"wp-block-cover__image-background wp-image-69 has-parallax\" style=\"background-position:50% 50%;background-image:url(https:\/\/menurestaurante.infinitodigitalstudio.com\/wp-content\/uploads\/2024\/03\/jay-wennington-N_Y88TWmGwA-unsplash-1.jpg)\"><\/div><div class=\"wp-block-cover__inner-container has-global-padding is-layout-constrained wp-block-cover-is-layout-constrained\">\n<div class=\"wp-block-group has-text-color has-link-color wp-elements-2ef625d1bebab7b0288ca3691ce8c935 has-global-padding is-layout-constrained wp-block-group-is-layout-constrained\" style=\"color:#fefefe\"><style>.fdm-section-header p { display: none; }<\/style><ul  class=\"fdm-section fdm-sectionid-9 fdm-section-pratos-principais fdm-section-one\">\n\t<li class=\"fdm-section-header\" id=\"fdm-section-header-pratos-principais\">\n\n\t\t\t\t\n\t\t\n\t\t\t\t\t<h3 class=''>Pratos Principais<\/h3>\n\t\t\n\t\t\n\t\t\n\t<\/li>\n\t\n\t\t<li class=\"fdm-item fdm-item-has-price\" data-postid=\"27\" data-section=\"9\" data-timeadded=\"1709826586\">\n\t\n\t\t\n\t\t<div class=\"fdm-item-panel\" data-price=\"17,9\">\n\n\t\t\t<p class=\"fdm-item-title\">Atum Com Pur\u00e9 De Couve Flor E Legumes<\/p><div class=\"fdm-item-price-wrapper\" data-min_price='1000000' data-max_price='0'>\n\t\t\t<div class=\"fdm-item-price\">17,9\u20ac<\/div>\n\t<\/div>\n\n\t\t\t<div class=\"clearfix\"><\/div>\n\t\t<\/div>\n\n\t\t\n\t\t<\/li>\n\t\n\n\n\t\t<li class=\"fdm-item fdm-item-has-price\" data-postid=\"26\" data-section=\"9\" data-timeadded=\"1709826577\">\n\t\n\t\t\n\t\t<div class=\"fdm-item-panel\" data-price=\"17,2\">\n\n\t\t\t<p class=\"fdm-item-title\">Bacalhau Com Broa<\/p><div class=\"fdm-item-price-wrapper\" data-min_price='1000000' data-max_price='0'>\n\t\t\t<div class=\"fdm-item-price\">17,2\u20ac<\/div>\n\t<\/div>\n\n\t\t\t<div class=\"clearfix\"><\/div>\n\t\t<\/div>\n\n\t\t\n\t\t<\/li>\n\t\n\n\n\t\t<li class=\"fdm-item fdm-item-has-price\" data-postid=\"28\" data-section=\"9\" data-timeadded=\"1709826593\">\n\t\n\t\t\n\t\t<div class=\"fdm-item-panel\" data-price=\"16,4\">\n\n\t\t\t<p class=\"fdm-item-title\">Lagartinhos Com Camar\u00e3o E Migas<\/p><div class=\"fdm-item-price-wrapper\" data-min_price='1000000' data-max_price='0'>\n\t\t\t<div class=\"fdm-item-price\">16,4\u20ac<\/div>\n\t<\/div>\n\n\t\t\t<div class=\"clearfix\"><\/div>\n\t\t<\/div>\n\n\t\t\n\t\t<\/li>\n\t\n\n\n\t\t<li class=\"fdm-item fdm-item-has-price\" data-postid=\"25\" data-section=\"9\" data-timeadded=\"1709826569\">\n\t\n\t\t\n\t\t<div class=\"fdm-item-panel\" data-price=\"19,9\">\n\n\t\t\t<p class=\"fdm-item-title\">Polvo \u00c0 Lagareiro Com Batata E Migas<\/p><div class=\"fdm-item-price-wrapper\" data-min_price='1000000' data-max_price='0'>\n\t\t\t<div class=\"fdm-item-price\">19,9\u20ac<\/div>\n\t<\/div>\n\n\t\t\t<div class=\"clearfix\"><\/div>\n\t\t<\/div>\n\n\t\t\n\t\t<\/li>\n\t\n\n<\/ul><\/div>\n<\/div><\/div>\n\n\n\n<div class=\"wp-block-cover alignfull has-parallax\"><span aria-hidden=\"true\" class=\"wp-block-cover__background has-background-dim\"><\/span><div role=\"img\" class=\"wp-block-cover__image-background wp-image-71 has-parallax\" style=\"background-position:50% 50%;background-image:url(https:\/\/menurestaurante.infinitodigitalstudio.com\/wp-content\/uploads\/2024\/03\/louis-hansel-MlPD-AzZYMg-unsplash.jpg)\"><\/div><div class=\"wp-block-cover__inner-container has-global-padding is-layout-constrained wp-block-cover-is-layout-constrained\">\n<div class=\"wp-block-group has-text-color has-link-color wp-elements-4e4a6a93f4677015e4a23b4d50fa0af5 has-global-padding is-layout-constrained wp-block-group-is-layout-constrained\" style=\"color:#fefefe\"><style>.fdm-section-header p { display: none; }<\/style><ul  class=\"fdm-section fdm-sectionid-10 fdm-section-vegetariano fdm-section-one\">\n\t<li class=\"fdm-section-header\" id=\"fdm-section-header-vegetariano\">\n\n\t\t\t\t\n\t\t\n\t\t\t\t\t<h3 class=''>Vegetariano<\/h3>\n\t\t\n\t\t\n\t\t\n\t<\/li>\n\t\n\t\t<li class=\"fdm-item fdm-item-has-price\" data-postid=\"29\" data-section=\"10\" data-timeadded=\"1709826606\">\n\t\n\t\t\n\t\t<div class=\"fdm-item-panel\" data-price=\"13,2\">\n\n\t\t\t<p class=\"fdm-item-title\">Arroz Cremoso Com Cogumelos E Gr\u00e3o<\/p><div class=\"fdm-item-price-wrapper\" data-min_price='1000000' data-max_price='0'>\n\t\t\t<div class=\"fdm-item-price\">13,2\u20ac<\/div>\n\t<\/div>\n\n\t\t\t<div class=\"clearfix\"><\/div>\n\t\t<\/div>\n\n\t\t\n\t\t<\/li>\n\t\n\n\n\t\t<li class=\"fdm-item fdm-item-has-price\" data-postid=\"30\" data-section=\"10\" data-timeadded=\"1709826612\">\n\t\n\t\t\n\t\t<div class=\"fdm-item-panel\" data-price=\"13,4\">\n\n\t\t\t<p class=\"fdm-item-title\">Hamburguer De Quinoa C\/ Arroz E Legumes<\/p><div class=\"fdm-item-price-wrapper\" data-min_price='1000000' data-max_price='0'>\n\t\t\t<div class=\"fdm-item-price\">13,4\u20ac<\/div>\n\t<\/div>\n\n\t\t\t<div class=\"clearfix\"><\/div>\n\t\t<\/div>\n\n\t\t\n\t\t<\/li>\n\t\n\n<\/ul><\/div>\n<\/div><\/div>\n\n\n\n<div class=\"wp-block-cover alignfull has-parallax\"><span aria-hidden=\"true\" class=\"wp-block-cover__background has-background-dim\"><\/span><div role=\"img\" class=\"wp-block-cover__image-background wp-image-72 has-parallax\" style=\"background-position:50% 50%;background-image:url(https:\/\/menurestaurante.infinitodigitalstudio.com\/wp-content\/uploads\/2024\/03\/fumiaki-hayashi-Mc4zVTBTMjY-unsplash.jpg)\"><\/div><div class=\"wp-block-cover__inner-container has-global-padding is-layout-constrained wp-block-cover-is-layout-constrained\">\n<div class=\"wp-block-group has-text-color has-link-color wp-elements-e7fda938dc0bd33c6333dde6d7ec3d56 has-global-padding is-layout-constrained wp-block-group-is-layout-constrained\" style=\"color:#fefefe\"><style>.fdm-section-header p { display: none; }<\/style><ul  class=\"fdm-section fdm-sectionid-11 fdm-section-sobremesa fdm-section-one\">\n\t<li class=\"fdm-section-header\" id=\"fdm-section-header-sobremesa\">\n\n\t\t\t\t\n\t\t\n\t\t\t\t\t<h3 class=''>Sobremesa<\/h3>\n\t\t\n\t\t\n\t\t\n\t<\/li>\n\t\n\t\t<li class=\"fdm-item fdm-item-has-price\" data-postid=\"31\" data-section=\"11\" data-timeadded=\"1709826624\">\n\t\n\t\t\n\t\t<div class=\"fdm-item-panel\" data-price=\"4,5\">\n\n\t\t\t<p class=\"fdm-item-title\">Bolo De Chocolate Sem Farinha<\/p><div class=\"fdm-item-price-wrapper\" data-min_price='1000000' data-max_price='0'>\n\t\t\t<div class=\"fdm-item-price\">4,5\u20ac<\/div>\n\t<\/div>\n\n\t\t\t<div class=\"clearfix\"><\/div>\n\t\t<\/div>\n\n\t\t\n\t\t<\/li>\n\t\n\n\n\t\t<li class=\"fdm-item fdm-item-has-price\" data-postid=\"33\" data-section=\"11\" data-timeadded=\"1709826638\">\n\t\n\t\t\n\t\t<div class=\"fdm-item-panel\" data-price=\"4,9\">\n\n\t\t\t<p class=\"fdm-item-title\">Desfeita De Ma\u00e7\u00e3 Quente Com Gelado<\/p><div class=\"fdm-item-price-wrapper\" data-min_price='1000000' data-max_price='0'>\n\t\t\t<div class=\"fdm-item-price\">4,9\u20ac<\/div>\n\t<\/div>\n\n\t\t\t<div class=\"clearfix\"><\/div>\n\t\t<\/div>\n\n\t\t\n\t\t<\/li>\n\t\n\n\n\t\t<li class=\"fdm-item fdm-item-has-price\" data-postid=\"32\" data-section=\"11\" data-timeadded=\"1709826631\">\n\t\n\t\t\n\t\t<div class=\"fdm-item-panel\" data-price=\"4,5\">\n\n\t\t\t<p class=\"fdm-item-title\">Tarte De Lim\u00e3o<\/p><div class=\"fdm-item-price-wrapper\" data-min_price='1000000' data-max_price='0'>\n\t\t\t<div class=\"fdm-item-price\">4,5\u20ac<\/div>\n\t<\/div>\n\n\t\t\t<div class=\"clearfix\"><\/div>\n\t\t<\/div>\n\n\t\t\n\t\t<\/li>\n\t\n\n<\/ul><\/div>\n<\/div><\/div>\n\n\n\n<h1 class=\"wp-block-heading has-text-align-center\" style=\"font-style:normal;font-weight:700\">Bebidas<\/h1>\n\n\n\n<div class=\"wp-block-cover alignfull has-parallax\"><span aria-hidden=\"true\" class=\"wp-block-cover__background has-background-dim\"><\/span><div role=\"img\" class=\"wp-block-cover__image-background wp-image-109 has-parallax\" style=\"background-position:50% 50%;background-image:url(https:\/\/menurestaurante.infinitodigitalstudio.com\/wp-content\/uploads\/2024\/03\/ash-edmonds-fsI-_MRsic0-unsplash.jpg)\"><\/div><div class=\"wp-block-cover__inner-container has-global-padding is-layout-constrained wp-block-cover-is-layout-constrained\">\n<div class=\"wp-block-group has-text-color has-link-color wp-elements-e7fda938dc0bd33c6333dde6d7ec3d56 has-global-padding is-layout-constrained wp-block-group-is-layout-constrained\" style=\"color:#fefefe\"><style>.fdm-section-header p { display: none; }<\/style><ul  class=\"fdm-section fdm-sectionid-11 fdm-section-sobremesa fdm-section-one\">\n\t<li class=\"fdm-section-header\" id=\"fdm-section-header-sobremesa\">\n\n\t\t\t\t\n\t\t\n\t\t\t\t\t<h3 class=''>Sobremesa<\/h3>\n\t\t\n\t\t\n\t\t\n\t<\/li>\n\t\n\t\t<li class=\"fdm-item fdm-item-has-price\" data-postid=\"31\" data-section=\"11\" data-timeadded=\"1709826624\">\n\t\n\t\t\n\t\t<div class=\"fdm-item-panel\" data-price=\"4,5\">\n\n\t\t\t<p class=\"fdm-item-title\">Bolo De Chocolate Sem Farinha<\/p><div class=\"fdm-item-price-wrapper\" data-min_price='1000000' data-max_price='0'>\n\t\t\t<div class=\"fdm-item-price\">4,5\u20ac<\/div>\n\t<\/div>\n\n\t\t\t<div class=\"clearfix\"><\/div>\n\t\t<\/div>\n\n\t\t\n\t\t<\/li>\n\t\n\n\n\t\t<li class=\"fdm-item fdm-item-has-price\" data-postid=\"33\" data-section=\"11\" data-timeadded=\"1709826638\">\n\t\n\t\t\n\t\t<div class=\"fdm-item-panel\" data-price=\"4,9\">\n\n\t\t\t<p class=\"fdm-item-title\">Desfeita De Ma\u00e7\u00e3 Quente Com Gelado<\/p><div class=\"fdm-item-price-wrapper\" data-min_price='1000000' data-max_price='0'>\n\t\t\t<div class=\"fdm-item-price\">4,9\u20ac<\/div>\n\t<\/div>\n\n\t\t\t<div class=\"clearfix\"><\/div>\n\t\t<\/div>\n\n\t\t\n\t\t<\/li>\n\t\n\n\n\t\t<li class=\"fdm-item fdm-item-has-price\" data-postid=\"32\" data-section=\"11\" data-timeadded=\"1709826631\">\n\t\n\t\t\n\t\t<div class=\"fdm-item-panel\" data-price=\"4,5\">\n\n\t\t\t<p class=\"fdm-item-title\">Tarte De Lim\u00e3o<\/p><div class=\"fdm-item-price-wrapper\" data-min_price='1000000' data-max_price='0'>\n\t\t\t<div class=\"fdm-item-price\">4,5\u20ac<\/div>\n\t<\/div>\n\n\t\t\t<div class=\"clearfix\"><\/div>\n\t\t<\/div>\n\n\t\t\n\t\t<\/li>\n\t\n\n<\/ul><\/div>\n<\/div><\/div>\n\n\n\n<h1 class=\"wp-block-heading has-text-align-center\" style=\"font-style:normal;font-weight:700\">Vinhos<\/h1>\n\n\n\n<div class=\"wp-block-cover alignfull has-parallax\"><span aria-hidden=\"true\" class=\"wp-block-cover__background has-background-dim-30 has-background-dim\"><\/span><div role=\"img\" class=\"wp-block-cover__image-background wp-image-68 has-parallax\" style=\"background-position:50% 50%;background-image:url(https:\/\/menurestaurante.infinitodigitalstudio.com\/wp-content\/uploads\/2024\/03\/hermes-rivera-aK6WGqxyHFw-unsplash.jpg)\"><\/div><div class=\"wp-block-cover__inner-container has-global-padding is-layout-constrained wp-block-cover-is-layout-constrained\">\n<div class=\"wp-block-group has-text-color has-link-color wp-elements-20f85ba3e0566ae8b6f00014b923a13e has-global-padding is-layout-constrained wp-block-group-is-layout-constrained\" style=\"color:#fefefe\"><style>.fdm-section-header p { display: none; }<\/style>\n\n\n<div class=\"fdm-menu-filtering\">\n\t<\/div>\n\n<div class=\"fdm-the-menu\">\n\n\n\n<ul id=\"fdm-menu-1\" class=\"fdm-menu fdm-menu-66 fdm-menu- fdm-menu-sidebar- fdm-columns-2 fdm-layout-classic clearfix\">\n\n\n\t<li class=\"fdm-column fdm-column-0\">\n\n\t<ul class=\"fdm-section fdm-sectionid-22 fdm-section-branco-alentejo fdm-section-one\">\n\t<li class=\"fdm-section-header\" id=\"fdm-section-header-branco-alentejo\">\n\n\t\t\t\t\n\t\t\n\t\t\t\t\t<h3 class=''>Branco Alentejo<\/h3>\n\t\t\n\t\t\n\t\t\n\t<\/li>\n\t\n\t\t<li class=\"fdm-item fdm-item-has-price\" data-postid=\"94\" data-section=\"22\" data-timeadded=\"1709829781\">\n\t\n\t\t\n\t\t<div class=\"fdm-item-panel\" data-price=\"15,5\">\n\n\t\t\t<p class=\"fdm-item-title\">Arrepiado Branco Collection<\/p><div class=\"fdm-item-price-wrapper\" data-min_price='1000000' data-max_price='0'>\n\t\t\t<div class=\"fdm-item-price\">15,5\u20ac<\/div>\n\t<\/div>\n\n\t\t\t<div class=\"clearfix\"><\/div>\n\t\t<\/div>\n\n\t\t\n\t\t<\/li>\n\t\n\n<\/ul><ul class=\"fdm-section fdm-sectionid-21 fdm-section-branco-dao fdm-section-one\">\n\t<li class=\"fdm-section-header\" id=\"fdm-section-header-branco-dao\">\n\n\t\t\t\t\n\t\t\n\t\t\t\t\t<h3 class=''>Branco D\u00e3o<\/h3>\n\t\t\n\t\t\n\t\t\n\t<\/li>\n\t\n\t\t<li class=\"fdm-item fdm-item-has-price\" data-postid=\"113\" data-section=\"21\" data-timeadded=\"1710344060\">\n\t\n\t\t\n\t\t<div class=\"fdm-item-panel\" data-price=\"15,5\">\n\n\t\t\t<p class=\"fdm-item-title\">D\u00e3o Reserva Branco<\/p><div class=\"fdm-item-price-wrapper\" data-min_price='1000000' data-max_price='0'>\n\t\t\t<div class=\"fdm-item-price\">15,5\u20ac<\/div>\n\t<\/div>\n\n\t\t\t<div class=\"clearfix\"><\/div>\n\t\t<\/div>\n\n\t\t\n\t\t<\/li>\n\t\n\n<\/ul>\n\t<\/li>\n\n\n\t<li class=\"fdm-column fdm-column-1 fdm-column-last\">\n\n\t<ul class=\"fdm-section fdm-sectionid-20 fdm-section-branco-douro fdm-section-one\">\n\t<li class=\"fdm-section-header\" id=\"fdm-section-header-branco-douro\">\n\n\t\t\t\t\n\t\t\n\t\t\t\t\t<h3 class=''>Branco Douro<\/h3>\n\t\t\n\t\t\n\t\t\n\t<\/li>\n\t\n\t\t<li class=\"fdm-item fdm-item-has-price\" data-postid=\"92\" data-section=\"20\" data-timeadded=\"1709829765\">\n\t\n\t\t\n\t\t<div class=\"fdm-item-panel\" data-price=\"15,5\">\n\n\t\t\t<p class=\"fdm-item-title\">Bafarela Reserva Branco<\/p><div class=\"fdm-item-price-wrapper\" data-min_price='1000000' data-max_price='0'>\n\t\t\t<div class=\"fdm-item-price\">15,5\u20ac<\/div>\n\t<\/div>\n\n\t\t\t<div class=\"clearfix\"><\/div>\n\t\t<\/div>\n\n\t\t\n\t\t<\/li>\n\t\n\n\n\t\t<li class=\"fdm-item fdm-item-has-price\" data-postid=\"90\" data-section=\"20\" data-timeadded=\"1709829743\">\n\t\n\t\t\n\t\t<div class=\"fdm-item-panel\" data-price=\"15,5\">\n\n\t\t\t<p class=\"fdm-item-title\">Bajancas Reserva Branco<\/p><div class=\"fdm-item-price-wrapper\" data-min_price='1000000' data-max_price='0'>\n\t\t\t<div class=\"fdm-item-price\">15,5\u20ac<\/div>\n\t<\/div>\n\n\t\t\t<div class=\"clearfix\"><\/div>\n\t\t<\/div>\n\n\t\t\n\t\t<\/li>\n\t\n\n<\/ul>\n\t<\/li>\n\n\n<\/ul>\n\n\n<\/div> <!-- fdm-the-menu -->\n\n<div class=\"clearfix\"><\/div>\n\n<div class='fdm-details-div fdm-hidden'>\n\t<div class='fdm-details-div-inside'>\n\t\t<div class='fdm-details-div-exit'>\n\t\t\t<div class='fdm-details-div-exit-inside'><span class=\"dashicons dashicons-no-alt\"><\/span><\/div>\n\t\t<\/div>\n\t\t<div class='fdm-details-div-content'><\/div>\n\t<\/div>\n<\/div>\n<div class='fdm-details-background-div fdm-hidden'><\/div><\/div>\n<\/div><\/div>\n\n\n\n<div class=\"wp-block-cover alignfull has-parallax\"><span aria-hidden=\"true\" class=\"wp-block-cover__background has-background-dim-30 has-background-dim\"><\/span><div role=\"img\" class=\"wp-block-cover__image-background wp-image-68 has-parallax\" style=\"background-position:50% 50%;background-image:url(https:\/\/menurestaurante.infinitodigitalstudio.com\/wp-content\/uploads\/2024\/03\/hermes-rivera-aK6WGqxyHFw-unsplash.jpg)\"><\/div><div class=\"wp-block-cover__inner-container has-global-padding is-layout-constrained wp-block-cover-is-layout-constrained\">\n<div class=\"wp-block-group has-text-color has-link-color wp-elements-9b94930d3326875b43d555d6ee13f540 has-global-padding is-layout-constrained wp-block-group-is-layout-constrained\" style=\"color:#fefefe\"><style>.fdm-section-header p { display: none; }<\/style>\n\n\n<div class=\"fdm-menu-filtering\">\n\t<\/div>\n\n<div class=\"fdm-the-menu\">\n\n\n\n<ul id=\"fdm-menu-2\" class=\"fdm-menu fdm-menu-75 fdm-menu- fdm-menu-sidebar- fdm-columns-2 fdm-layout-classic clearfix\">\n\n\n\t<li class=\"fdm-column fdm-column-0\">\n\n\t\n\t<\/li>\n\n\n\t<li class=\"fdm-column fdm-column-1 fdm-column-last\">\n\n\t<ul class=\"fdm-section fdm-sectionid-17 fdm-section-tinto-douro fdm-section-one\">\n\t<li class=\"fdm-section-header\" id=\"fdm-section-header-tinto-douro\">\n\n\t\t\t\t\n\t\t\n\t\t\t\t\t<h3 class=''>Tinto Douro<\/h3>\n\t\t\n\t\t\n\t\t\n\t<\/li>\n\t\n\t\t<li class=\"fdm-item fdm-item-has-price\" data-postid=\"82\" data-section=\"17\" data-timeadded=\"1709829671\">\n\t\n\t\t\n\t\t<div class=\"fdm-item-panel\" data-price=\"14,5\">\n\n\t\t\t<p class=\"fdm-item-title\">Altano Produto Biologico<\/p><div class=\"fdm-item-price-wrapper\" data-min_price='1000000' data-max_price='0'>\n\t\t\t<div class=\"fdm-item-price\">14,5\u20ac<\/div>\n\t<\/div>\n\n\t\t\t<div class=\"clearfix\"><\/div>\n\t\t<\/div>\n\n\t\t\n\t\t<\/li>\n\t\n\n\n\t\t<li class=\"fdm-item fdm-item-has-price\" data-postid=\"80\" data-section=\"17\" data-timeadded=\"1709829656\">\n\t\n\t\t\n\t\t<div class=\"fdm-item-panel\" data-price=\"13,5\">\n\n\t\t\t<p class=\"fdm-item-title\">Bafarela Reserva<\/p><div class=\"fdm-item-price-wrapper\" data-min_price='1000000' data-max_price='0'>\n\t\t\t<div class=\"fdm-item-price\">13,5\u20ac<\/div>\n\t<\/div>\n\n\t\t\t<div class=\"clearfix\"><\/div>\n\t\t<\/div>\n\n\t\t\n\t\t<\/li>\n\t\n\n\n\t\t<li class=\"fdm-item fdm-item-has-price\" data-postid=\"84\" data-section=\"17\" data-timeadded=\"1709829693\">\n\t\n\t\t\n\t\t<div class=\"fdm-item-panel\" data-price=\"15,5\">\n\n\t\t\t<p class=\"fdm-item-title\">Bajancas Reserva<\/p><div class=\"fdm-item-price-wrapper\" data-min_price='1000000' data-max_price='0'>\n\t\t\t<div class=\"fdm-item-price\">15,5\u20ac<\/div>\n\t<\/div>\n\n\t\t\t<div class=\"clearfix\"><\/div>\n\t\t<\/div>\n\n\t\t\n\t\t<\/li>\n\t\n\n\n\t\t<li class=\"fdm-item fdm-item-has-price\" data-postid=\"78\" data-section=\"17\" data-timeadded=\"1709829586\">\n\t\n\t\t\n\t\t<div class=\"fdm-item-panel\" data-price=\"11,5\">\n\n\t\t\t<p class=\"fdm-item-title\">Telneiras Quinta Das Bajancas<\/p><div class=\"fdm-item-price-wrapper\" data-min_price='1000000' data-max_price='0'>\n\t\t\t<div class=\"fdm-item-price\">11,5\u20ac<\/div>\n\t<\/div>\n\n\t\t\t<div class=\"clearfix\"><\/div>\n\t\t<\/div>\n\n\t\t\n\t\t<\/li>\n\t\n\n<\/ul>\n\t<\/li>\n\n\n<\/ul>\n\n\n<\/div> <!-- fdm-the-menu -->\n\n<div class=\"clearfix\"><\/div>\n\n<div class='fdm-details-div fdm-hidden'>\n\t<div class='fdm-details-div-inside'>\n\t\t<div class='fdm-details-div-exit'>\n\t\t\t<div class='fdm-details-div-exit-inside'><span class=\"dashicons dashicons-no-alt\"><\/span><\/div>\n\t\t<\/div>\n\t\t<div class='fdm-details-div-content'><\/div>\n\t<\/div>\n<\/div>\n<div class='fdm-details-background-div fdm-hidden'><\/div><\/div>\n<\/div><\/div>\n\n\n\n<div class=\"wp-block-cover alignfull is-light\" style=\"padding-top:100px;padding-bottom:120px\"><span aria-hidden=\"true\" class=\"wp-block-cover__background has-base-background-color has-background-dim-0 has-background-dim\"><\/span><div class=\"wp-block-cover__inner-container has-global-padding is-layout-constrained wp-container-core-cover-layout-9 wp-block-cover-is-layout-constrained\">\n<div class=\"wp-block-columns is-layout-flex wp-container-core-columns-layout-1 wp-block-columns-is-layout-flex\" style=\"padding-top:0px;padding-bottom:0px\">\n<div class=\"wp-block-column is-layout-flow wp-container-core-column-layout-1 wp-block-column-is-layout-flow\">\n<figure class=\"wp-block-image aligncenter size-full is-resized\"><img decoding=\"async\" src=\"https:\/\/tyler.com\/wp-content\/uploads\/2023\/10\/5-Star.png\" alt=\"\" class=\"wp-image-3744\" style=\"width:200px\"\/><\/figure>\n\n\n\n<h2 class=\"wp-block-heading has-text-align-center has-text-color\" style=\"color:#000000;margin-bottom:20px;font-size:clamp(28.836px, 1.802rem + ((1vw - 3.2px) * 2.405), 50px);font-style:normal;font-weight:700;line-height:1.3\">Comida Incr\u00edvel!<\/h2>\n\n\n\n<p class=\"has-text-align-center has-text-color\" style=\"color:#000000;font-size:clamp(14px, 0.875rem + ((1vw - 3.2px) * 0.455), 18px);\">&#8220;Pratos excepcionais, sabores vibrantes e servi\u00e7o de topo. Uma visita obrigat\u00f3ria para uma experi\u00eancia gastron\u00f3mica verdadeiramente memor\u00e1vel. Um must para os aficionados por comida portuguesa! As suas papilas gustativas v\u00e3o agradecer-lhe. Com um servi\u00e7o excecional, \u00e9 mais do que uma refei\u00e7\u00e3o &#8211; \u00e9 uma viagem culin\u00e1ria que n\u00e3o vai esquecer!&#8221;<\/p>\n\n\n\n<p class=\"has-text-align-center has-text-color\" style=\"color:#000000;margin-top:20px;font-size:14px;line-height:1.6\">Sofia R.<\/p>\n<\/div>\n<\/div>\n<\/div><\/div>\n","protected":false},"excerpt":{"rendered":"<p>Bebidas Vinhos<\/p>\n","protected":false},"author":1,"featured_media":36,"parent":0,"menu_order":0,"comment_status":"closed","ping_status":"closed","template":"","meta":{"footnotes":""},"_links":{"self":[{"href":"https:\/\/menurestaurante.infinitodigitalstudio.com\/index.php\/wp-json\/wp\/v2\/pages\/37"}],"collection":[{"href":"https:\/\/menurestaurante.infinitodigitalstudio.com\/index.php\/wp-json\/wp\/v2\/pages"}],"about":[{"href":"https:\/\/menurestaurante.infinitodigitalstudio.com\/index.php\/wp-json\/wp\/v2\/types\/page"}],"author":[{"embeddable":true,"href":"https:\/\/menurestaurante.infinitodigitalstudio.com\/index.php\/wp-json\/wp\/v2\/users\/1"}],"replies":[{"embeddable":true,"href":"https:\/\/menurestaurante.infinitodigitalstudio.com\/index.php\/wp-json\/wp\/v2\/comments?post=37"}],"version-history":[{"count":18,"href":"https:\/\/menurestaurante.infinitodigitalstudio.com\/index.php\/wp-json\/wp\/v2\/pages\/37\/revisions"}],"predecessor-version":[{"id":111,"href":"https:\/\/menurestaurante.infinitodigitalstudio.com\/index.php\/wp-json\/wp\/v2\/pages\/37\/revisions\/111"}],"wp:featuredmedia":[{"embeddable":true,"href":"https:\/\/menurestaurante.infinitodigitalstudio.com\/index.php\/wp-json\/wp\/v2\/media\/36"}],"wp:attachment":[{"href":"https:\/\/menurestaurante.infinitodigitalstudio.com\/index.php\/wp-json\/wp\/v2\/media?parent=37"}],"curies":[{"name":"wp","href":"https:\/\/api.w.org\/{rel}","templated":true}]}}